and s.
15
Let c(t) = -t**3 + 7*t**2 - 7*t + 5. Let w be c(5). What is the greatest common divisor of w and 4?
4
Suppose -4*q = q - 65. Let i be (-52)/(-3)*6/4. Calculate the highest common divisor of q and i.
13
Suppose 0*l - 2*l = -336. What is the highest common divisor of 21 and l?
21
Let f = 7 + 0. Suppose 5*h - 2*h = 2*d + 3, 9 = 4*h - d. Let m = f + h. What is the greatest common factor of 80 and m?
10
Suppose 4*p - 35 = p - 5*u, -p - 5*u = -25. Suppose -d = -p*d + 4. What is the highest common factor of 7 and d?
1
Let h be ((-9)/(-3))/((-3)/(-2)). Suppose -h*u - 4 = -u. Let r be (-103)/(-3) + u/(-6). What is the greatest common divisor of 5 and r?
5
Suppose -3*v + 2*v + 7 = 0. Let i = -135 + 191. What is the highest common factor of i and v?
7
Let b be (-5 - -9)/(4/14). Suppose -2*t - 2*s = -b, 2*s + 16 = 4*t + 6. Calculate the highest common factor of 32 and t.
4
Suppose -100 = -4*i + 2*i. Calculate the greatest common factor of i and 25.
25
Let a(v) = v**3 - 16*v**2 - v + 14. Let t be a(17). Calculate the greatest common factor of t and 26.
26
Let n be (-30)/(-5 - -2) - 0. Let l be (-1)/4 - n/(-8). What is the highest common divisor of l and 5?
1
Let d be 1/(-2) - 26/(-4). Suppose -a - v = -5 - 4, -5*a + v = -27. Calculate the greatest common divisor of a and d.
6
Let m(n) = -n**2 - 13*n - 16. Let p be m(-5). What is the highest common factor of 120 and p?
24
Let c be ((-4)/2)/(-2)*3. Suppose 2*y = c*y - 126. What is the highest common factor of 14 and y?
14
Suppose 4*k - 38 = 2*q, 4*k - 3*k - 4*q = -8. What is the highest common factor of k and 132?
12
Let h(l) = 15*l - 1. Let c(p) = 14*p. Let d(j) = -2*c(j) + 3*h(j). Let v be d(3). What is the greatest common divisor of 8 and v?
8
Let c be (-1)/(-4) - (-123)/4. Let f = c - 16. Suppose 5*a + 4*h = 46, -3*a = -6*a + 2*h + 32. Calculate the greatest common factor of f and a.
5
Let m = 526 + -316. Let d(u) = -3*u + 10. Let j be d(6). Let g be 24 + j/(-2) + -7. Calculate the greatest common factor of g and m.
21
Let n be (2 - -2)/4 - -4. Suppose -85 - 25 = -n*d. Calculate the highest common divisor of 2 and d.
2
Let j be 108/45 - (-4)/(-10). What is the highest common divisor of j and 1?
1
Let g = 24 + 9. Suppose 3*s - 14 = -5. Calculate the greatest common factor of g and s.
3
Let r(d) = 20*d - 4. Let i be r(2). Calculate the highest common factor of 12 and i.
12
Let k(b) = -2*b + 5. Let a be k(-5). Let m(w) = -2*w. Let g be m(-5). Calculate the highest common factor of a and g.
5
Suppose -623 = -2*v - 0*a - 5*a, -25 = 5*a. Let b be (4 - 2)*v/8. Calculate the greatest common factor of 9 and b.
9
Let k(m) = -m**2 - m - 9. Let u be k(-4). Let f be ((-34)/(-51))/((-2)/u). What is the greatest common factor of f and 28?
7
Suppose 2*b - x = 71, 0*b - 37 = -b + x. Let q be (-4 + 3)/((-2)/b). Suppose -2*y + 244 + 28 = 0. Calculate the greatest common divisor of y and q.
17
Suppose -4*c = -3*i + 26, 4*i = -i - 3*c + 24. Let j be 164/i - 6/(-9). Calculate the greatest common divisor of 7 and j.
7
Let n(b) = b**2 - 8*b + 4. Let y be n(7). Let g be -1 - 1*12/y. Suppose 0 = g*m - 21 - 15. What is the greatest common factor of m and 3?
3
Suppose -60 = -6*d + 4*d. Let a be 8/20 - 16/(-10). Let b be (d/4)/(1/a). What is the highest common factor of b and 165?
15
Suppose -c + 60 = 4*c - f, -3*c + 4*f + 19 = 0. Calculate the highest common divisor of c and 143.
13
Suppose -4*v + 9 = -35. Let d be (-2 + (-4)/(-2))/(-1). Let z = d - -11. What is the greatest common divisor of v and z?
11
Let n(o) = o**2 + 4*o - 6. Let v be n(-6). Let i = 8 - v. Suppose 0*t = i*t - 12. What is the greatest common divisor of t and 18?
6
Suppose -2*i = -3*i + 16. Calculate the greatest common divisor of 128 and i.
16
Let g be (-4 - -2)*17/(-2). Let k be g/(-2)*(-12)/2. Suppose -2*t + 32 + 36 = 0. Calculate the greatest common divisor of k and t.
17
Suppose -h + 5 = 0, 5*j - j + 5*h = 33. Suppose -2*y + 15 = y. Suppose 82 = 4*o - 5*a, y*o - 4*a = -0*a + 98. Calculate the highest common factor of j and o.
2
Let u(h) = -h**3 - 4*h**2 - 6*h - 6. Let x be u(-4). Let j(y) = 2*y**2 + 4. Let g be j(4). Calculate the greatest common factor of x and g.
18
Suppose 3*c - 70 = 2*c. Suppose 9 - 78 = -3*u. Suppose 0 = -4*r + u + 33. Calculate the highest common factor of r and c.
14
Suppose 2*s = a + 4*s - 1, -2*s = 2. Suppose -4*l - 4*o = -60, a*l = -0*o - o + 39. Let h be 1*49 - (1 + 0). What is the highest common factor of h and l?
12
Let a(q) = 1 + 1 - 3 + 3 - 37*q. Let c be a(-5). What is the greatest common divisor of 17 and c?
17
Let v(o) = 13*o**3 - o. Let x be v(1). Let h be (-3)/((-33)/x + 2). Let p = 7 + -1. Calculate the highest common factor of p and h.
2
Suppose -4*i - 16 = -4*r, 0 = -4*r - 2*i + 3*i + 1. Let d be (-13 + 2)*1*r. Calculate the highest common factor of 66 and d.
11
Let b be 1/(-2)*(9 + 1). Let j = b - -7. Suppose -9 = -l - j. What is the greatest common divisor of 56 and l?
7
Let b = -18 + 36. Let x(k) = 2*k**3 + 3*k**2 - 2*k - 3. Let n be 6/(-5)*(-10)/4. Let i be x(n). Calculate the highest common factor of i and b.
18
Suppose -l + 4 + 2 = 0. Calculate the highest common divisor of l and 12.
6
Suppose 7 = 2*h - 7. What is the greatest common factor of 63 and h?
7
Let p = 18 - 10. Calculate the greatest common factor of 40 and p.
8
Let s(n) = -n**2 - 8*n + 11. Let v be s(-9). Suppose v*m = -0*m + 100. Calculate the greatest common divisor of m and 10.
10
Let y = 7 - -118. What is the highest common divisor of y and 25?
25
Suppose 7*i - 1485 = 4*i. Suppose 2*y - 5*y = -i. Suppose -4*o + 4*t = 17 - 85, -4*t + 7 = o. Calculate the highest common factor of y and o.
15
Let y(g) = -g**3 - g**2 + 2*g + 3. Let z be y(-2). Suppose c - 13 = z. Calculate the highest common divisor of 64 and c.
16
Let k be -2 + (2 - 4) - -17. Calculate the greatest common factor of 39 and k.
13
Suppose -8 = 2*g + o, g - 3*g + 3*o = 0. Let x be 20 + g + (-6)/2. What is the greatest common divisor of x and 35?
7
Let m(i) = -3*i + 2. Let f be m(-2). Let j(k) = f*k - 6 - 1 + 0*k**2 - k**2. Let l be j(5). What is the greatest common divisor of l and 88?
8
Let u(w) = -w**2 + 5*w + 4. Suppose -2*o - o = 4*r + 1, -3*r = 5*o - 13. Let n be u(o). What is the greatest common divisor of 2 and n?
2
Let o be 2/6 - 136/(-6). What is the highest common divisor of o and 115?
23
Let l be 4/(-1) + (19 - -9) - -2. Let f = 6 + 7. Calculate the greatest common divisor of f and l.
13
Let x be 3 + (-531)/(2 + -5). Calculate the greatest common factor of 20 and x.
20
Let f = -206 - -66. Let m = f + 200. Let s = 48 - 24. Calculate the greatest common factor of m and s.
12
Suppose -w + 3*f = -5, -7*w + 2*w - 5*f + 85 = 0. Let a be (w/(-21))/(4/(-18)). What is the highest common divisor of 27 and a?
3
Let m be (-116)/6*(-7 + 1). Suppose -20*g + 11*g + 261 = 0. Calculate the greatest common factor of g and m.
29
Let c(t) = t**3 - 3*t**2 + t + 1. Let i be c(3). Suppose 9*h + 4*x = i*h + 552, 321 = 3*h - x. What is the highest common divisor of h and 12?
12
Let h(o) = 21*o + 9. Let b(m) = 7*m + 3. Let q(f) = -11*b(f) + 4*h(f). Let r be q(7). Let z be -1*1*r/(-4). What is the greatest common factor of 39 and z?
13
Let t(i) = i**2 + 7*i + 4. Let h be t(0). Suppose 4*n - 3*m - 1 = -0, 5*n - 5 = 3*m. What is the highest common divisor of h and n?
4
Let d be 0/3*(-1)/1. Let l(w) = -w**2 - 180. Let r be l(d). Let s = 255 + r. Calculate the greatest common factor of s and 30.
15
Let x = 66 - 56. Calculate the greatest common factor of x and 110.
10
Suppose -2*f = 2*l + 2, 5*l - 1 = -16. What is the highest common factor of f and 10?
2
Suppose 0 = -3*j + 113 + 211. What is the highest common divisor of j and 12?
12
Suppose 0 = 3*m - m - 92. Let q be m/14 + (-2)/7. Let k = q + 4. Calculate the highest common divisor of 14 and k.
7
Suppose 20 = 5*j - 0. Suppose 14 = v - j*l, -3*v - l + 90 = 3*l. Suppose -2*q = 3*z - v, -4*q + 43 = -4*z - 29. What is the greatest common factor of q and 2?
2
Let g(h) = 9*h - 17. Let i be g(5). Calculate the highest common divisor of 196 and i.
28
Let i(a) = -a**3 - 3*a**2 + 7*a. Suppose 21 = -5*x - 9. Let f be (-124)/24 + (-1)/x. Let p be i(f). Calculate the highest common divisor of 75 and p.
15
Let n be 0/5 - (-77 - 0). Let q(d) = 2*d - 5. L